f 9338 and 62146.
322
Calculate the greatest common factor of 7565 and 935.
85
What is the highest common divisor of 760 and 246360?
40
Calculate the greatest common factor of 8075 and 14875.
425
Calculate the greatest common divisor of 42940 and 3420.
380
What is the highest common factor of 12680 and 280?
40
What is the highest common factor of 2255 and 13255?
55
What is the highest common divisor of 696 and 172405?
29
Calculate the highest common divisor of 27278 and 2070.
46
Calculate the greatest common divisor of 51 and 48484.
17
Calculate the highest common factor of 6395 and 320.
5
Calculate the greatest common divisor of 10745 and 235.
5
What is the highest common divisor of 828645 and 15?
15
What is the greatest common divisor of 1270 and 2376678?
254
What is the highest common factor of 72 and 3544?
8
What is the highest common divisor of 243 and 99?
9
Calculate the greatest common divisor of 10446 and 6.
6
What is the greatest common factor of 59019 and 31827?
309
Calculate the highest common factor of 208 and 20488.
104
What is the highest common factor of 265678 and 98?
98
Calculate the greatest common divisor of 5874490 and 370.
370
What is the highest common factor of 2159 and 13081?
127
What is the greatest common factor of 2686 and 816?
34
Calculate the highest common factor of 245 and 3693179.
49
Calculate the highest common divisor of 374 and 802.
2
What is the greatest common divisor of 33 and 119361?
33
What is the highest common divisor of 2896 and 60?
4
What is the highest common divisor of 1804 and 10906?
82
Calculate the greatest common factor of 84462 and 168.
42
Calculate the greatest common factor of 1118 and 546.
26
What is the greatest common factor of 70 and 378?
14
What is the highest common factor of 197 and 48?
1
What is the highest common factor of 253524 and 37?
37
Calculate the highest common divisor of 88 and 124718.
22
What is the highest common divisor of 729 and 51?
3
Calculate the highest common divisor of 91191 and 452.
113
Calculate the highest common factor of 28861 and 10535.
49
What is the greatest common divisor of 413976 and 33840?
1128
What is the greatest common factor of 159425 and 175?
175
Calculate the highest common divisor of 495 and 221355.
45
Calculate the highest common divisor of 209 and 2519.
11
What is the greatest common divisor of 4200 and 15848?
56
Calculate the greatest common divisor of 5104 and 2992.
176
What is the greatest common factor of 150 and 489?
3
What is the highest common divisor of 325 and 8425?
25
Calculate the greatest common divisor of 566 and 211967.
283
What is the greatest common factor of 263976 and 102?
102
Calculate the highest common factor of 7371280 and 48.
16
Calculate the highest common divisor of 94 and 5079.
1
Calculate the greatest common divisor of 424 and 5989.
53
What is the greatest common divisor of 4704 and 147?
147
Calculate the greatest common divisor of 32 and 916352.
32
What is the greatest common divisor of 328406 and 3536?
442
Calculate the highest common factor of 260 and 484.
4
What is the highest common factor of 267196 and 268?
268
Calculate the greatest common divisor of 14 and 8743.
7
What is the highest common divisor of 10 and 745730?
10
Calculate the highest common divisor of 31977 and 495.
99
What is the greatest common divisor of 82 and 2135239?
41
What is the greatest common factor of 224997 and 444?
111
Calculate the greatest common factor of 12558 and 1449.
483
Calculate the greatest common divisor of 30073 and 548573.
1037
What is the highest common divisor of 430 and 58660?
10
Calculate the highest common factor of 54 and 4077.
27
Calculate the greatest common divisor of 2784 and 79584.
96
What is the highest common factor of 28016 and 1360?
272
What is the greatest common divisor of 805539 and 3879?
1293
Calculate the greatest common factor of 472 and 10974.
118
What is the greatest common factor of 320 and 1240?
40
Calculate the greatest common divisor of 10437 and 588.
147
What is the greatest common factor of 524475 and 945?
945
What is the highest common factor of 461214 and 13572?
234
What is the greatest common divisor of 4590 and 22815?
135
What is the highest common factor of 154 and 919478?
14
Calculate the greatest common factor of 34 and 502843.
17
What is the greatest common factor of 243 and 69?
3
Calculate the highest common factor of 1462 and 309230.
34
Calculate the highest common divisor of 154370 and 430.
430
What is the highest common factor of 115872 and 3072?
96
Calculate the highest common divisor of 2196 and 13842.
18
Calculate the highest common factor of 1976 and 1140.
76
What is the greatest common factor of 234 and 6344?
26
Calculate the greatest common factor of 380 and 1154.
2
What is the highest common divisor of 12351 and 11814?
537
What is the highest common factor of 1649387 and 3587?
211
Calculate the greatest common factor of 38298 and 68249.
491
What is the greatest common divisor of 242 and 2025661?
121
What is the greatest common factor of 3514 and 113954?
502
Calculate the highest common divisor of 740 and 59015.
185
Calculate the greatest common divisor of 1845 and 81.
9
Calculate the greatest common divisor of 78120 and 3150.
630
What is the highest common divisor of 442676 and 104?
52
Calculate the highest common factor of 33572 and 7412.
436
Calculate the highest common factor of 1510 and 8154.
302
Calculate the greatest common factor of 181541 and 25772.
379
What is the greatest common factor of 305683 and 7?
7
What is the highest common divisor of 854 and 168?
14
What is the highest common factor of 2541770 and 35?
35
What is the highest common factor of 1001 and 689?
13
What is the greatest common divisor of 1028 and 69647?
257
What is the highest common divisor of 20 and 893935?
5
Calculate the greatest common divisor of 10527 and 132.
33
What is the highest common factor of 324 and 72552?
12
What is the greatest common factor of 180225 and 900?
225
What is the greatest common divisor of 21373 and 1537?
29
Calculate the greatest common factor of 278553 and 4771.
367
What is the greatest common factor of 28 and 22463?
7
Calculate the highest common divisor of 19008 and 10989.
297
What is the highest common divisor of 16055 and 1859?
169
What is the highest common factor of 774 and 481944?
258
What is the highest common factor of 4484 and 54988?
236
What is the greatest common factor of 607905 and 34365?
1185
What is the greatest common factor of 645752 and 424?
424
Calculate the highest common factor of 234 and 223353.
117
Calculate the highest common divisor of 387 and 29928.
129
What is the greatest common divisor of 34937 and 92?
23
Calculate the highest common factor of 27744 and 51.
51
What is the highest common divisor of 81525 and 45?
15
What is the greatest common divisor of 7239 and 1919?
19
Calculate the highest common divisor of 36 and 891.
9
Calculate the highest common divisor of 134816 and 8800.
352
What is the highest common factor of 42 and 16086?
42
What is the highest common factor of 77 and 60039?
7
What is the highest common factor of 14359582 and 116?
58
What is the greatest common divisor of 79310 and 48410?
1030
What is the greatest common factor of 7840 and 11088?
112
What is the greatest common factor of 2247 and 1008?
21
What is the greatest common divisor of 3914431 and 61?
61
What is the highest common divisor of 19328 and 1312?
32
Calculate the highest common factor of 133399 and 34.
17
What is the highest common factor of 25681 and 488?
61
Calculate the greatest common divisor of 9807 and 203.
7
Calculate the highest common divisor of 8 and 21500.
4
What is the greatest common factor of 434037 and 4855?
971
What is the greatest common divisor of 9009902 and 11?
11
What is the highest common divisor of 1055 and 99803?
211
What is the highest common divisor of 31632 and 36?
12
What is the greatest common factor of 221 and 689?
13
What is the highest common divisor of 152 and 6004?
76
What is the greatest common factor of 78 and 2496936?
78
Calculate the highest common divisor of 494320 and 320.
80
Calculate the greatest common divisor of 110087 and 3113.
283
Calculate the greatest common factor of 2254 and 414.
46
What is the greatest common